e 8, what is 1544 - 12?
1532
In base 13, what is 12ac + 998?
1c77
In base 12, what is 1a9 + 452a?
4717
In base 3, what is 220120202 + 1?
220120210
In base 7, what is 2 + -12463334?
-12463332
In base 7, what is -1 - 4544565?
-4544566
In base 13, what is 1 - -4737?
4738
In base 11, what is 1 + -196275?
-196274
In base 12, what is 8 + 1238?
1244
In base 9, what is 3 - 58440?
-58436
In base 14, what is 5 + -11a0?
-1199
In base 14, what is -19bb - 3?
-19c0
In base 16, what is -366f - 0?
-366f
In base 16, what is -12cf - 10?
-12df
In base 5, what is 2033 - 11230?
-4142
In base 14, what is 9b603 - 1?
9b602
In base 14, what is d + -650c?
-64dd
In base 12, what is -2 - -289881?
28987b
In base 14, what is -c - -6a?
5c
In base 15, what is 897a - 7?
8973
In base 8, what is 5 - 1064?
-1057
In base 2, what is -11 - 111110001111011100?
-111110001111011111
In base 8, what is -340 - 20706?
-21246
In base 5, what is -101120242 + 10?
-101120232
In base 4, what is -11 - -2101211?
2101200
In base 16, what is -10 + 83d?
82d
In base 4, what is -32213 + -301?
-33120
In base 12, what is -10 - -21852?
21842
In base 11, what is -123a4 - -5?
-1239a
In base 9, what is -11756 + -2?
-11758
In base 8, what is 25 - -11374?
11421
In base 10, what is -1007843 - 5?
-1007848
In base 10, what is -4226 - 194?
-4420
In base 4, what is 323321203221 + 1?
323321203222
In base 3, what is -2 + -121011102?
-121011111
In base 12, what is -13 - -389?
376
In base 2, what is 110010010100 - 11101111?
101110100101
In base 9, what is 4 - -35813?
35817
In base 11, what is -12427 + -16?
-12442
In base 16, what is -2 + -25bb3?
-25bb5
In base 9, what is -10206 + 82?
-10114
In base 10, what is -173 + 4263?
4090
In base 15, what is -5b + 125?
b9
In base 13, what is -c76 - 44?
-cba
In base 13, what is -7 - 599?
-5a3
In base 9, what is 770 + 4340?
5220
In base 5, what is -22 + 10111022?
10111000
In base 6, what is -1052404 - 313?
-1053121
In base 12, what is -3 + 5a43a?
5a437
In base 10, what is -50 + 1308?
1258
In base 14, what is cb3b + b?
cb48
In base 11, what is -131a1 - -45?
-13157
In base 8, what is 4 - 727343?
-727337
In base 14, what is -d48 + 3a?
-d0c
In base 8, what is 130125 + 15?
130142
In base 2, what is -100 - 1100110100011101010?
-1100110100011101110
In base 5, what is 3141232 + -1?
3141231
In base 6, what is -1405 - -2054?
245
In base 6, what is 3 - 51215?
-51212
In base 16, what is -81e + -5b?
-879
In base 7, what is 1350445 + 24?
1350502
In base 9, what is 3445658 - 4?
3445654
In base 15, what is -4b - -487?
43b
In base 13, what is -11 + 76a?
759
In base 5, what is 44444111 + 3?
44444114
In base 6, what is 13 + 125523?
125540
In base 16, what is -125 - -11d?
-8
In base 14, what is 64b - -6?
653
In base 13, what is 2 + -140c5?
-140c3
In base 8, what is 465120 + 0?
465120
In base 12, what is 4aa31 + -7?
4aa26
In base 12, what is -4 - 26562b?
-265633
In base 9, what is 4 + 8828?
8833
In base 8, what is -34523 + 105?
-34416
In base 11, what is -1 - 16227a?
-162280
In base 14, what is c - 361?
-353
In base 3, what is 12201011 - 110021?
12020220
In base 9, what is -171 + 408?
227
In base 5, what is -43 + -1011043?
-1011141
In base 10, what is 95 + 363?
458
In base 4, what is 0 + -121103032?
-121103032
In base 2, what is 100100 + -1010000101?
-1001100001
In base 10, what is -1 - -67370?
67369
In base 14, what is -1 - 553d?
-5540
In base 10, what is -9729 - 409?
-10138
In base 16, what is -2 - -1736?
1734
In base 7, what is 104320 + -2?
104315
In base 14, what is c019 + -4?
c015
In base 9, what is 17800 - -2?
17802
In base 9, what is -2 + -356511?
-356513
In base 16, what is 3 - -45b00?
45b03
In base 12, what is -2 + 1472ba?
1472b8
In base 5, what is 102111 + -2?
102104
In base 11, what is 32 + -657?
-625
In base 16, what is -2 - 3bc4?
-3bc6
In base 2, what is 111001010 + -1000?
111000010
In base 14, what is -31 + -281a?
-284b
In base 10, what is 2 + -1127?
-1125
In base 3, what is -20002200 + -1?
-20002201
In base 3, what is 110 + 222220221?
222221101
In base 16, what is -b965 + 5?
-b960
In base 11, what is -11a76 + -12?
-11a88
In base 15, what is 0 - -18cb?
18cb
In base 2, what is 1010111010111 - -10?
1010111011001
In base 11, what is 1 + 545139?
54513a
In base 2, what is -10 + -10000000000001110?
-10000000000010000
In base 15, what is -17 - -526a?
5253
In base 4, what is 200121 + 11101?
211222
In base 3, what is -20102201111 + 2?
-20102201102
In base 12, what is 3 + 4327?
432a
In base 15, what is 1ce8 - -d?
1d06
In base 11, what is 0 + -496?
-496
In base 10, what is 116884 + -5?
116879
In base 11, what is -1 + 561?
560
In base 5, what is 2 + -140013313?
-140013311
In base 11, what is -35a + -1331?
-1690
In base 5, what is -12 - -1233130?
1233113
In base 3, what is -11 + -2211221?
-2212002
In base 9, what is 573 + -103?
470
In base 12, what is -69 - -354?
2a7
In base 3, what is 21021101 - 10?
21021021
In base 7, what is 64 - -130650?
131044
In base 3, what is -201 + 102110210222?
102110210021
In base 16, what is f - -3b24?
3b33
In base 8, what is -167627 + 7?
-167620
In base 16, what is 0 + -2e216?
-2e216
In base 9, what is 2383 + -50?
2333
In base 6, what is 343 + 5135?
5522
In base 2, what is -100100 - 101010111010?
-101011011110
In base 2, what is 11000 + 1010111?
1101111
In base 8, what is 46315 + 30?
46345
In base 13, what is -4a1 - 73?
-544
In base 5, what is 13113 - 2231?
10332
In base 4, what is -1222313 - 22130?
-1311103
In base 2, what is 101 - 101010001100011111?
-101010001100011010
In base 5, what is -2 - -140232?
140230
In base 12, what is -3 + -7730?
-7733
In base 16, what is -8 + -15a1?
-15a9
In base 10, what is -672 + 5?
-667
In base 2, what is -1 - -110100001101011?
110100001101010
In base 6, what is 2 - -453421?
453423
In base 9, what is 1 - 5143?
-5142
In base 6, what is 111325055 - -3?
111325102
In base 9, what is 45 + 1658?
1714
In base 16, what is 33 + -32b2?
-327f
In base 5, what is -1244 - -223123?
221324
In base 2, what is 111110111011 + -10110101?
111100000110
In base 14, what is 10 + -1b3d?
-1b2d
In base 3, what is -110112 - -1110101211?
1102221022
In base 16, what is 5 - 1fe3?
-1fde
In base 10, what is 4 - 41074?
-41070
In base 10, what is 42159 + 3?
42162
In base 13, what is -4b544 - -8?
-4b539
In base 12, what is -5 - 215b3?
-215b8
In base 4, what is -231 + -333012?
-333303
In base 9, what is -3 + -37681?
-37684
In base 10, what is -64 + 32?
-32
In base 11, what is 2 - 655?
-653
In base 2, what is -10001 - -110010?
100001
In base 7, what is 5005 - 355?
4320
In base 13, what is -1034a + 2?
-10348
In base 15, what is 951 + 3a4?
d05
In base 13, what is a05 + -4?
a01
In base 14, what is 5 - 75ad9?
-75ad4
In base 7, what is 2 - 1115354?
-1115352
In base 13, what is -a710b - 0?
-a710b
In base 16, what is f + -5e35?
-5e26
In base 16, what is -a0 - -c0b?
b6b
In base 13, what is -7bc - 1a6?
-995
In base 3, what is -122 + -121011211?
-121012110
In base 9, what is -2 - 50168?
-50171
In base 10, what is 5 + -91462?
-91457
In base 12, what is 122 - 184?
-62
In base 14, what is 3d - 6890?
-6851
In base 6, what is -534 - -15?
-515
In base 11, what is 0 - -5394?
5394
In base 16, what is -188 - ab?
-233
In base 6, what is -134 - -111204?
111030
In base 5, what is 1121142 - 34?
1121103
In base 6, what is -411141 - -1?
-411140
In base 10, what is -266786 + -3?
-266789
In base 13, what is 0 - -18a91?
18a91
In base 3, what is -100212021020 + 21?
-100212020222
In base 16, what is -b2fd5 - 1?
-b2fd6
In base 7, what is -2 - -4211034?
4211032
In base 4, what is -213010 + 1113?
-211231
In base 6, what is 10 + -220?
-210
In base 13, what is -5a6 + -31?
-607
In base 8, what is -10606764 - -4?
-10606760
In base 12, what is -4 + -72a55?
-72a59
In base 10, what is -3 + -725170?
-725173
In base 13, what is 432b + 0?
432b
In base 3, what is -22 - 1200112210?
-1200120002
In base 4, what is -112 + -1013010?
-1013122
In base 6, what is 53 - -3440?
3533
In base 12, what is -3 + -9072b?
-90732
In base 2, what is -1010101110011 + -100100?
-1010110010111
In base 15, what is 84 - 16d7?
-1653
In base 10, what is 294 - 420?
-126
In base 15, what is -eb + -2920?
-2a1b
In base 10, what is -1 + -44988?
-44989
In base 15, what is 25e7 - 47?
25a0
In base 15, what is 82c6 - 11?
82b5
In base 3, what is -11